 212 = 4*c. What is the remainder when c is divided by m?
13
Let l = 131 + -119. What is the remainder when 93 is divided by l?
9
Suppose -6*d = -d - 2*g - 19, 0 = -5*d - 3*g + 9. Let v = 17 - 16. Calculate the remainder when d is divided by v.
0
Let p(f) be the first derivative of 2*f**3/3 + 2*f**2 - 2*f + 2. Let y be p(8). Let g = -112 + y. What is the remainder when g is divided by 16?
14
Suppose 0*c + 81 = 5*c + 4*b, 49 = 3*c + 2*b. Suppose 0 = -4*h + 16, -4*u - h + 200 = -0*h. What is the remainder when u is divided by c?
15
Let p = 139 + -19. What is the remainder when p is divided by 41?
38
Suppose 4 + 64 = 4*z. Let h(v) = -v**3 + 5*v**2 + 5*v + 4. Let f be h(5). Calculate the remainder when f - (-6 + (6 - 4)) is divided by z.
16
Let x = -24 + 32. Calculate the remainder when 29 is divided by x.
5
Suppose -v + 2*d + 36 = v, 4*v - 63 = d. Let j = v + -9. What is the remainder when 11 is divided by j?
5
Let j(g) be the second derivative of -4*g**3/3 + 4*g**2 + 3*g. Let u be j(-6). Suppose -31 - u = -3*a. Calculate the remainder when a is divided by 10.
9
Let f(m) = 36*m - 10. Calculate the remainder when f(2) is divided by 22.
18
Let s(m) = -m**3 + m + 1. Let n(p) = -p**3 + 19*p**2 + 2*p - 36. What is the remainder when n(19) is divided by s(-1)?
0
Suppose -220 = 4*y - 9*y. Suppose -2*x + 3*o - 9 = -4*x, 2*x - 4*o - y = 0. Calculate the remainder when (-2)/x - 175/(-6) is divided by 15.
14
Suppose -3*b - 36 = -3*r, -3*r - 5*b = 2*r - 100. What is the remainder when 44 is divided by r?
12
Let a = 81 - 63. Calculate the remainder when (33/2)/(1/2) is divided by a.
15
What is the remainder when 1275/(-68)*4/(-3) is divided by 4?
1
Let l = -1 - -9. Let f = 49 + -22. Let p = -12 + f. Calculate the remainder when p is divided by l.
7
Let d(c) = 2*c + 12. What is the remainder when 12 is divided by d(-4)?
0
Let x(s) = 20*s**2 - 3*s + 3. What is the remainder when x(2) is divided by 12 - (-3 - (6 - 1))?
17
Suppose -3*h = -5*k - 4, -4 - 3 = -2*h - k. Calculate the remainder when 9 is divided by h.
0
Let n be (4/10)/((-1)/(-5)). What is the remainder when 0 - -4*41/n is divided by 21?
19
Let a(t) = -10*t - 15. Let o(g) = -3*g - 5. Let w(h) = 6*a(h) - 17*o(h). What is the remainder when w(-7) is divided by 30?
28
Let m(h) = 19*h**2 + h. Let d be (-6)/(-21) - (-12)/7. Let l = d + -3. Calculate the remainder when m(l) is divided by 10.
8
Let m = -21 + 22. Calculate the remainder when 3 is divided by m.
0
Let d(i) = i + 54. Calculate the remainder when d(-20) is divided by 9.
7
Suppose -17 = 3*m - 92. Let t(k) = k + 19. Let s be t(-14). Suppose 3*l + 103 = s*b - 273, 3*l = -b + 68. What is the remainder when b is divided by m?
24
Suppose -3*x = -2*p + 30, 3*x - 8*x - 46 = -3*p. Suppose 2*m + 17 = 23. Suppose h - 18 = -m*f, -h + 0 - 7 = -2*f. What is the remainder when p is divided by f?
2
Suppose 2*q + 2 - 6 = 0. Let w = 9 - 0. What is the remainder when w is divided by q?
1
Suppose 85 = 5*h - 30. Let y = 8 - 0. Calculate the remainder when h is divided by y.
7
Suppose 13 = 2*v + i, 5*v + i - 6 = 22. What is the remainder when 37 is divided by (-3 - 1)*v/(-2)?
7
Calculate the remainder when ((-7)/21)/(-1*2/318) is divided by 18.
17
Suppose -4*x + 56 = y, -8 = -3*y + y. What is the remainder when 22 is divided by x?
9
Let r be (-4)/(-16) + 7/4. Let i be (2 + -3)*r - -6. What is the remainder when 34 is divided by (8/6)/(i/36)?
10
Let v = 18 - -1. Calculate the remainder when v is divided by 10.
9
Suppose 2*c - 38 + 4 = -r, 3*c - 3*r = 69. Calculate the remainder when 55 is divided by c.
17
Let a(i) = -14*i - 1. Let n be a(-4). Suppose -3*z = -8*z + n. Let w = 23 + z. What is the remainder when w is divided by 12?
10
Let c = 6 + 3. Suppose 61 - 6 = 3*p - 2*r, 3*p - r = 53. What is the remainder when p is divided by c?
8
Suppose -2*z + 5*z = -15, 3*z = -5*h - 35. Calculate the remainder when 8 is divided by 6/h - (-65)/10.
3
Let m be (0 - 6)*11/(-22). Suppose 4*i + 2*g = 30, 12 = 3*i + m*g - 12. Calculate the remainder when 12 is divided by i.
5
Let k be -7 + 2/1 + 2. Let i be (-10)/3*k/2. Calculate the remainder when 13 is divided by 1/i + 68/10.
6
Let i(x) = -1 + 0*x + 7*x**2 + 0*x - 6*x**2 - 12*x**3. Let o be 7/(-6) - 2/(-12). Calculate the remainder when 22 is divided by i(o).
10
Suppose 5*s - 413 = -28. Calculate the remainder when s is divided by 6.
5
Let o = 243 + -163. Suppose -4 = -g - 3*j, -9 + 25 = 4*g - 2*j. Suppose h = g*x - o, -h = 4*x + h - 80. What is the remainder when x is divided by 7?
6
Let h be 1/(-6) - (-435)/18. Suppose -2*i = -2*g + 92, -5*i + 89 = 2*g - h. Calculate the remainder when g is divided by 17.
15
Let y = 34 + -28. Let p = 1 - -2. Calculate the remainder when y is divided by p.
0
Let m = 18 + -18. Suppose m = -5*j - k + 9 + 13, -37 = -5*j + 4*k. Calculate the remainder when 19 is divided by j.
4
Let r(i) be the second derivative of -i**5/20 - i**3/6 + 7*i**2/2 + 3*i. Calculate the remainder when 19 is divided by r(0).
5
Suppose -o - 19 = -m, m + o - 26 = 1. What is the remainder when m is divided by 17?
6
Calculate the remainder when (-56)/(-7 - -3) - -3 is divided by 5.
2
Let x(o) be the first derivative of o**4/4 + 7*o**3/3 - o**2 - 7*o - 1. What is the remainder when x(-7) is divided by 3?
1
Let n be (6/(-15))/(1/5). Let k = 10 + n. Calculate the remainder when 22 is divided by k.
6
Suppose 0 = -k + 4*p + 9, 5*k + 1 + 2 = -4*p. Suppose -4 - k = -w. What is the remainder when 9 is divided by w?
4
Let w(x) be the second derivative of 0 + 2*x - 1/12*x**4 - 7/2*x**2 - 2*x**3. Calculate the remainder when w(-5) is divided by 15.
13
Calculate the remainder when 36 is divided by (-2)/(-6)*(-11 + 2) - -6.
0
Let b = -105 - -149. Suppose 5*m - m - b = 0. Calculate the remainder when 41 is divided by m.
8
Let v(a) = -3*a + 3. Let p be v(-3). Let w be ((-4)/p)/(1/(-6)). Suppose -w*c - 3*c + 175 = 0. What is the remainder when c is divided by 18?
17
Suppose 2*x + 0*r + 3*r = 1, 2*r = 10. Let i = 9 - x. Calculate the remainder when i is divided by 9.
7
Let f = 3 - 1. Suppose -2*p = -0*x + x - 30, -f*p - 74 = -3*x. Let t(i) = 9*i**2 + i - 1. What is the remainder when x is divided by t(1)?
8
Suppose 3*p - 150 = p. Calculate the remainder when p is divided by 26.
23
Let p(x) = -x**2 - 23*x - 51. Let b = 5 + 9. Calculate the remainder when p(-19) is divided by b.
11
Let p = -9 + 27. Let a = -8 + 13. What is the remainder when p is divided by 1/a - 196/(-20)?
8
Suppose -4*s - 46 = -5*q + 30, 0 = -3*q + s + 40. Calculate the remainder when 33 is divided by q.
9
Suppose -19 - 2 = -c. Let i = 1 - -1. Suppose -3*x + 2*g = 2*x - c, i*g = -x + 9. What is the remainder when x is divided by 2?
1
Let b = 44 - 26. Suppose 5*d - i + 48 - 162 = 0, -4*i - 16 = 0. Suppose -2*g = -46 - d. Calculate the remainder when g is divided by b.
16
Let c(n) = 40*n**2 - 2*n + 2. Calculate the remainder when c(1) is divided by 7.
5
Suppose -3*a = -4*h - 0*a + 103, -3*a = -3*h + 75. What is the remainder when h/2 - (1 - 3) is divided by 6?
4
Let o(v) be the first derivative of v**3 + 3*v - 2. Calculate the remainder when o(3) is divided by 16.
14
Let d = -71 - -148. Calculate the remainder when d is divided by 21.
14
Let a be 1 + 2 + -2 + 4. Suppose -2*x - 13 = -n - 55, a*x = n + 102. Calculate the remainder when 38 is divided by x.
18
Suppose -300 = -10*o - 10*o. Suppose 0*t - 24 = -4*t. Calculate the remainder when o is divided by t.
3
Let l(n) be the second derivative of n**3/6 + 73*n**2/2 + 7*n. Calculate the remainder when l(0) is divided by 19.
16
Let y(t) = t**3 + 15*t**2 + 15*t + 15. Let x be y(-14). Suppose 0 = f - 14 - 4. Calculate the remainder when (x/2)/(3/f) is divided by 2.
1
Let o = 12 + 0. What is the remainder when 57 is divided by o?
9
Let k = 47 + -140. What is the remainder when (4/(-6))/(2/k) is divided by 11*1 + (1 - 1)?
9
Let v(g) = 3*g**2 + 2*g. Suppose -4*j = -2 + 18. Calculate the remainder when v(j) is divided by (8/(-10))/(4/(-70)).
12
Let c be (32/20)/(2/5). Suppose 2*v - c*v = 3*u + 10, v = -4*u - 15. What is the remainder when (2 - (1 - v))*10 is divided by 11?
9
Let p = 28 + -18. Let a = -4 + p. What is the remainder when a is divided by 4?
2
Suppose 0 = -d - 2*r + 50, -5*d + d + 205 = 3*r. Calculate the remainder when d is d